{"id":111,"date":"2022-03-31T23:36:29","date_gmt":"2022-03-31T23:36:29","guid":{"rendered":"https:\/\/vita-u.de\/?page_id=111"},"modified":"2024-05-10T16:57:58","modified_gmt":"2024-05-10T15:57:58","slug":"team","status":"publish","type":"page","link":"https:\/\/u-all.de\/?page_id=111","title":{"rendered":"TEAM"},"content":{"rendered":"\t\t<div data-elementor-type=\"wp-page\" data-elementor-id=\"111\" class=\"elementor elementor-111\">\n\t\t\t\t\t\t\t\t\t<section class=\"elementor-section elementor-top-section elementor-element elementor-element-6068902 elementor-section-boxed elementor-section-height-default elementor-section-height-default\" data-id=\"6068902\" data-element_type=\"section\">\n\t\t\t\t\t\t<div class=\"elementor-container elementor-column-gap-default\">\n\t\t\t\t\t<div class=\"elementor-column elementor-col-33 elementor-top-column elementor-element elementor-element-e2b3d79\" data-id=\"e2b3d79\" data-element_type=\"column\">\n\t\t\t<div class=\"elementor-widget-wrap elementor-element-populated\">\n\t\t\t\t\t\t\t\t<div class=\"elementor-element elementor-element-213e911 elementor-widget elementor-widget-image\" data-id=\"213e911\" data-element_type=\"widget\" data-widget_type=\"image.default\">\n\t\t\t\t<div class=\"elementor-widget-container\">\n\t\t\t<style>\/*! elementor - v3.12.2 - 23-04-2023 *\/\n.elementor-widget-image{text-align:center}.elementor-widget-image a{display:inline-block}.elementor-widget-image a img[src$=\".svg\"]{width:48px}.elementor-widget-image img{vertical-align:middle;display:inline-block}<\/style>\t\t\t\t\t\t\t\t\t\t\t\t<img loading=\"lazy\" decoding=\"async\" width=\"800\" height=\"870\" src=\"https:\/\/u-all.de\/wp-content\/uploads\/2024\/05\/mm-17-3-\u2014-\u043a\u043e\u043f\u0438\u044f-942x1024.jpg\" class=\"attachment-large size-large wp-image-2237\" alt=\"\" srcset=\"https:\/\/u-all.de\/wp-content\/uploads\/2024\/05\/mm-17-3-\u2014-\u043a\u043e\u043f\u0438\u044f-942x1024.jpg 942w, https:\/\/u-all.de\/wp-content\/uploads\/2024\/05\/mm-17-3-\u2014-\u043a\u043e\u043f\u0438\u044f-276x300.jpg 276w, https:\/\/u-all.de\/wp-content\/uploads\/2024\/05\/mm-17-3-\u2014-\u043a\u043e\u043f\u0438\u044f-768x835.jpg 768w, https:\/\/u-all.de\/wp-content\/uploads\/2024\/05\/mm-17-3-\u2014-\u043a\u043e\u043f\u0438\u044f-1413x1536.jpg 1413w, https:\/\/u-all.de\/wp-content\/uploads\/2024\/05\/mm-17-3-\u2014-\u043a\u043e\u043f\u0438\u044f-1883x2048.jpg 1883w\" sizes=\"(max-width: 800px) 100vw, 800px\" \/>\t\t\t\t\t\t\t\t\t\t\t\t\t\t\t<\/div>\n\t\t\t\t<\/div>\n\t\t\t\t\t<\/div>\n\t\t<\/div>\n\t\t\t\t<div class=\"elementor-column elementor-col-66 elementor-top-column elementor-element elementor-element-5ec92ec\" data-id=\"5ec92ec\" data-element_type=\"column\">\n\t\t\t<div class=\"elementor-widget-wrap elementor-element-populated\">\n\t\t\t\t\t\t\t\t<div class=\"elementor-element elementor-element-829ea02 elementor-widget elementor-widget-text-editor\" data-id=\"829ea02\" data-element_type=\"widget\" data-widget_type=\"text-editor.default\">\n\t\t\t\t<div class=\"elementor-widget-container\">\n\t\t\t<style>\/*! elementor - v3.12.2 - 23-04-2023 *\/\n.elementor-widget-text-editor.elementor-drop-cap-view-stacked .elementor-drop-cap{background-color:#69727d;color:#fff}.elementor-widget-text-editor.elementor-drop-cap-view-framed .elementor-drop-cap{color:#69727d;border:3px solid;background-color:transparent}.elementor-widget-text-editor:not(.elementor-drop-cap-view-default) .elementor-drop-cap{margin-top:8px}.elementor-widget-text-editor:not(.elementor-drop-cap-view-default) .elementor-drop-cap-letter{width:1em;height:1em}.elementor-widget-text-editor .elementor-drop-cap{float:left;text-align:center;line-height:1;font-size:50px}.elementor-widget-text-editor .elementor-drop-cap-letter{display:inline-block}<\/style>\t\t\t\t<p><strong>Olha Duzhak<\/strong> <br \/>Projektleiterin<\/p>\n<p>Bachelor in Finanzenwesen, ausgebildete Projektmanagerin, in der Vergangenheit in der Ukraine u.a. t\u00e4tig f\u00fcr die NGOs &#8222;Media Center Vlasno&#8220; und &#8222;Vinnytsia Kosakenregiment&#8220;. Leiterin u.a. bei Projekten der Ukrainischen Kulturstiftung. Buchautorin und seit 2019 auch Verlegerin. Im M\u00e4rz 2022 nach Hamburg geflohen<\/p>\n<p>Gr\u00fcnderin des ukrainischen Kinderbuchverlages \u201e<a href=\"https:\/\/www.duzhka.com\/\">DUZHKA<\/a>\u201c Die Autorin einer Reihe von Kinderb\u00fcchern \u201e<a href=\"https:\/\/kvakoroli.com\/en\">(Quaq-)K\u00f6nige der Welten<\/a>\u201c, deren erster Teil 2019 den 1. Platz im Wettbewerb der Ukrainischen Kulturstiftung gewonnen hat. Autorin des Buches \u201e<a href=\"https:\/\/www.behance.net\/gallery\/135848305\/Childrens-book-Ukraine-above-all\">Die Ukraine \u00fcber alles oder was w\u00e4re wenn<\/a>\u201c, das vom Ukrainischen Buchinstitut herausgegeben wurde.<\/p>\n<p>Sie unterrichtete Kinder im Alter von 8-12 Jahren an der\u00a0<a href=\"http:\/\/harizma.info\/\">Charisma Children\u2019s School<\/a>\u00a0in Vinnytsa. Olga ist u.a. ausgebildet in M\u00e4rchentherapie und zertifizierte Absolventin von \u201eTools der komplexen M\u00e4rchentherapie f\u00fcr Lehrer:innen, von Psycholog:innen und Eltern \u201c<br \/><br \/><a href=\"https:\/\/kvakoroli.com\/en\/books\">Mehr zu den B\u00fcchern hier<\/a><\/p>\t\t\t\t\t\t<\/div>\n\t\t\t\t<\/div>\n\t\t\t\t\t<\/div>\n\t\t<\/div>\n\t\t\t\t\t\t\t<\/div>\n\t\t<\/section>\n\t\t\t\t<section class=\"elementor-section elementor-top-section elementor-element elementor-element-013df55 elementor-section-boxed elementor-section-height-default elementor-section-height-default\" data-id=\"013df55\" data-element_type=\"section\">\n\t\t\t\t\t\t<div class=\"elementor-container elementor-column-gap-default\">\n\t\t\t\t\t<div class=\"elementor-column elementor-col-33 elementor-top-column elementor-element elementor-element-96c33a1\" data-id=\"96c33a1\" data-element_type=\"column\">\n\t\t\t<div class=\"elementor-widget-wrap elementor-element-populated\">\n\t\t\t\t\t\t\t\t<div class=\"elementor-element elementor-element-0077db9 elementor-widget elementor-widget-image\" data-id=\"0077db9\" data-element_type=\"widget\" data-widget_type=\"image.default\">\n\t\t\t\t<div class=\"elementor-widget-container\">\n\t\t\t\t\t\t\t\t\t\t\t\t\t\t\t<img loading=\"lazy\" decoding=\"async\" width=\"720\" height=\"803\" src=\"https:\/\/u-all.de\/wp-content\/uploads\/2024\/05\/photo_2024-05-10_17-50-33.jpg\" class=\"attachment-large size-large wp-image-2235\" alt=\"\" srcset=\"https:\/\/u-all.de\/wp-content\/uploads\/2024\/05\/photo_2024-05-10_17-50-33.jpg 720w, https:\/\/u-all.de\/wp-content\/uploads\/2024\/05\/photo_2024-05-10_17-50-33-269x300.jpg 269w\" sizes=\"(max-width: 720px) 100vw, 720px\" \/>\t\t\t\t\t\t\t\t\t\t\t\t\t\t\t<\/div>\n\t\t\t\t<\/div>\n\t\t\t\t\t<\/div>\n\t\t<\/div>\n\t\t\t\t<div class=\"elementor-column elementor-col-66 elementor-top-column elementor-element elementor-element-15ff040\" data-id=\"15ff040\" data-element_type=\"column\">\n\t\t\t<div class=\"elementor-widget-wrap elementor-element-populated\">\n\t\t\t\t\t\t\t\t<div class=\"elementor-element elementor-element-b3b22d4 elementor-widget elementor-widget-text-editor\" data-id=\"b3b22d4\" data-element_type=\"widget\" data-widget_type=\"text-editor.default\">\n\t\t\t\t<div class=\"elementor-widget-container\">\n\t\t\t\t\t\t\t<p><strong>Evgenia Kleyn<br><\/strong>Initiatorin, Projektkoordinatorin<\/p>\n<p><!-- \/wp:paragraph --><!-- wp:paragraph --><\/p>\n<p>Pianistin, absolventin der Hochschulen f\u00fcr Musik in Weimar und Hannover.&nbsp;Als Kammermusikpartnerin tritt Evgeniya Kleyn regelm\u00e4\u00dfig mit international renommierten Musikern auf. Korrepetitorin bei hochkar\u00e4tigen Wettbewerben wie dem Queen-Elisabeth-Wettbewerb in Br\u00fcssel, dem ARD-Wettbewerb in M\u00fcnchen.<\/p>\n<p>W\u00e4hrend ihres Studiums gewann Evgeniya Kleyn verschiedene internationale Preise und spielte bei verschiedenen Festivals; unter anderem bei &#8222;Junge Klassik aus Weimar\u201c, &#8222;Wege zu Liszt&#8220;, im Beethovenhaus in Bonn und im Brucknerhaus in Linz. Sie initiierte mehrere Kammermusikprojekte, z.B., \u201eDer bekannte und unbekannte Camille Saint-Sa\u00ebns\u201c, einen \u201eDSCH-Marathon\u201c zu Ehren von Dmitri Schostakowitsch sowie Eduart Lassen und Johann Nepomuk Hummel gewidmete Konzerte.<\/p>\n<p>2019 gr\u00fcndete Evgeniya Kleyn unter dem Dach von TONALi die&nbsp;<i>tonali young academy<\/i><strong>&nbsp;<\/strong>in Hamburg. Zurzeit engagiert sie sich aktiv in Sozialprogrammen und Ausbildungsprojekten.<\/p>\t\t\t\t\t\t<\/div>\n\t\t\t\t<\/div>\n\t\t\t\t\t<\/div>\n\t\t<\/div>\n\t\t\t\t\t\t\t<\/div>\n\t\t<\/section>\n\t\t\t\t<section class=\"elementor-section elementor-top-section elementor-element elementor-element-d3f1473 elementor-section-boxed elementor-section-height-default elementor-section-height-default\" data-id=\"d3f1473\" data-element_type=\"section\">\n\t\t\t\t\t\t<div class=\"elementor-container elementor-column-gap-default\">\n\t\t\t\t\t<div class=\"elementor-column elementor-col-33 elementor-top-column elementor-element elementor-element-298d043\" data-id=\"298d043\" data-element_type=\"column\">\n\t\t\t<div class=\"elementor-widget-wrap elementor-element-populated\">\n\t\t\t\t\t\t\t\t<div class=\"elementor-element elementor-element-7dd2ecb elementor-widget elementor-widget-image\" data-id=\"7dd2ecb\" data-element_type=\"widget\" data-widget_type=\"image.default\">\n\t\t\t\t<div class=\"elementor-widget-container\">\n\t\t\t\t\t\t\t\t\t\t\t\t\t\t\t<img loading=\"lazy\" decoding=\"async\" width=\"360\" height=\"360\" src=\"https:\/\/u-all.de\/wp-content\/uploads\/2024\/02\/U-ALL-.001-e1708028344986.jpeg\" class=\"attachment-large size-large wp-image-2006\" alt=\"\" srcset=\"https:\/\/u-all.de\/wp-content\/uploads\/2024\/02\/U-ALL-.001-e1708028344986.jpeg 360w, https:\/\/u-all.de\/wp-content\/uploads\/2024\/02\/U-ALL-.001-e1708028344986-300x300.jpeg 300w, https:\/\/u-all.de\/wp-content\/uploads\/2024\/02\/U-ALL-.001-e1708028344986-150x150.jpeg 150w\" sizes=\"(max-width: 360px) 100vw, 360px\" \/>\t\t\t\t\t\t\t\t\t\t\t\t\t\t\t<\/div>\n\t\t\t\t<\/div>\n\t\t\t\t\t<\/div>\n\t\t<\/div>\n\t\t\t\t<div class=\"elementor-column elementor-col-66 elementor-top-column elementor-element elementor-element-ddcc222\" data-id=\"ddcc222\" data-element_type=\"column\">\n\t\t\t<div class=\"elementor-widget-wrap elementor-element-populated\">\n\t\t\t\t\t\t\t\t<div class=\"elementor-element elementor-element-1b8a6e4 elementor-widget elementor-widget-text-editor\" data-id=\"1b8a6e4\" data-element_type=\"widget\" data-widget_type=\"text-editor.default\">\n\t\t\t\t<div class=\"elementor-widget-container\">\n\t\t\t\t\t\t\t<p><strong>Henning W\u00f6tzel-Herber<br \/><\/strong>Projektkoordinator<\/p>\n<!-- \/wp:paragraph --><!-- wp:paragraph -->\n<p>Henning W\u00f6tzel-Herber, Jg. 1980, Diplom Sozialwirt und Master of Arts (Gender und Arbeit) arbeitet als P\u00e4dagogischer Gesch\u00e4ftsf\u00fchrer im ABC. Sein Schwerpunkt sind die Verbindung von Medienarbeit, politische Jugendbildung.<br \/><br \/>Er hat in den vergangenen Jahren viele inklusive Filmprojekte wie BIG EARTH (Hotel California), Adamstown und Lingua Amoris mitkonzipert und -umgesetzt. F\u00fcr Lingua Amoris hat das ABC 2020 eine Episode in der Ukraine gedreht. In Kooperation mit der Local Development Agency of Dubenshchina. Seit dem hat das ABC eine regelm\u00e4\u00dfig Verbindung mit Menschen in der Ukraine.<\/p>\t\t\t\t\t\t<\/div>\n\t\t\t\t<\/div>\n\t\t\t\t\t<\/div>\n\t\t<\/div>\n\t\t\t\t\t\t\t<\/div>\n\t\t<\/section>\n\t\t\t\t\t\t\t<\/div>\n\t\t","protected":false},"excerpt":{"rendered":"<p>Olha Duzhak Projektleiterin Bachelor in Finanzenwesen, ausgebildete Projektmanagerin, in der Vergangenheit in der Ukraine u.a. t\u00e4tig f\u00fcr die NGOs &#8222;Media Center Vlasno&#8220; und &#8222;Vinnytsia Kosakenregiment&#8220;. Leiterin u.a. bei Projekten der Ukrainischen Kulturstiftung. Buchautorin und seit<\/p>\n","protected":false},"author":3,"featured_media":0,"parent":0,"menu_order":0,"comment_status":"closed","ping_status":"closed","template":"","meta":{"footnotes":""},"_links":{"self":[{"href":"https:\/\/u-all.de\/index.php?rest_route=\/wp\/v2\/pages\/111"}],"collection":[{"href":"https:\/\/u-all.de\/index.php?rest_route=\/wp\/v2\/pages"}],"about":[{"href":"https:\/\/u-all.de\/index.php?rest_route=\/wp\/v2\/types\/page"}],"author":[{"embeddable":true,"href":"https:\/\/u-all.de\/index.php?rest_route=\/wp\/v2\/users\/3"}],"replies":[{"embeddable":true,"href":"https:\/\/u-all.de\/index.php?rest_route=%2Fwp%2Fv2%2Fcomments&post=111"}],"version-history":[{"count":30,"href":"https:\/\/u-all.de\/index.php?rest_route=\/wp\/v2\/pages\/111\/revisions"}],"predecessor-version":[{"id":2240,"href":"https:\/\/u-all.de\/index.php?rest_route=\/wp\/v2\/pages\/111\/revisions\/2240"}],"wp:attachment":[{"href":"https:\/\/u-all.de\/index.php?rest_route=%2Fwp%2Fv2%2Fmedia&parent=111"}],"curies":[{"name":"wp","href":"https:\/\/api.w.org\/{rel}","templated":true}]}}

<div data-elementor-type="wp-page" data-elementor-id="111" class="elementor elementor-111">
									<section class="elementor-section elementor-top-section elementor-element elementor-element-6068902 elementor-section-boxed elementor-section-height-default elementor-section-height-default" data-id="6068902" data-element_type="section">
						<div class="elementor-container elementor-column-gap-default">
					<div class="elementor-column elementor-col-33 elementor-top-column elementor-element elementor-element-e2b3d79" data-id="e2b3d79" data-element_type="column">
			<div class="elementor-widget-wrap elementor-element-populated">
								<div class="elementor-element elementor-element-213e911 elementor-widget elementor-widget-image" data-id="213e911" data-element_type="widget" data-widget_type="image.default">
				<div class="elementor-widget-container">
			<style>/*! elementor - v3.12.2 - 23-04-2023 */
.elementor-widget-image{text-align:center}.elementor-widget-image a{display:inline-block}.elementor-widget-image a img[src$=".svg"]{width:48px}.elementor-widget-image img{vertical-align:middle;display:inline-block}</style>												<img loading="lazy" decoding="async" width="800" height="870" src="https://u-all.de/wp-content/uploads/2024/05/mm-17-3-—-копия-942x1024.jpg" class="attachment-large size-large wp-image-2237" alt="" srcset="https://u-all.de/wp-content/uploads/2024/05/mm-17-3-—-копия-942x1024.jpg 942w, https://u-all.de/wp-content/uploads/2024/05/mm-17-3-—-копия-276x300.jpg 276w, https://u-all.de/wp-content/uploads/2024/05/mm-17-3-—-копия-768x835.jpg 768w, https://u-all.de/wp-content/uploads/2024/05/mm-17-3-—-копия-1413x1536.jpg 1413w, https://u-all.de/wp-content/uploads/2024/05/mm-17-3-—-копия-1883x2048.jpg 1883w" sizes="(max-width: 800px) 100vw, 800px" />															</div>
				</div>
					</div>
		</div>
				<div class="elementor-column elementor-col-66 elementor-top-column elementor-element elementor-element-5ec92ec" data-id="5ec92ec" data-element_type="column">
			<div class="elementor-widget-wrap elementor-element-populated">
								<div class="elementor-element elementor-element-829ea02 elementor-widget elementor-widget-text-editor" data-id="829ea02" data-element_type="widget" data-widget_type="text-editor.default">
				<div class="elementor-widget-container">
			<style>/*! elementor - v3.12.2 - 23-04-2023 */
.elementor-widget-text-editor.elementor-drop-cap-view-stacked .elementor-drop-cap{background-color:#69727d;color:#fff}.elementor-widget-text-editor.elementor-drop-cap-view-framed .elementor-drop-cap{color:#69727d;border:3px solid;background-color:transparent}.elementor-widget-text-editor:not(.elementor-drop-cap-view-default) .elementor-drop-cap{margin-top:8px}.elementor-widget-text-editor:not(.elementor-drop-cap-view-default) .elementor-drop-cap-letter{width:1em;height:1em}.elementor-widget-text-editor .elementor-drop-cap{float:left;text-align:center;line-height:1;font-size:50px}.elementor-widget-text-editor .elementor-drop-cap-letter{display:inline-block}</style>				<p><strong>Olha Duzhak</strong> <br />Projektleiterin</p>
<p>Bachelor in Finanzenwesen, ausgebildete Projektmanagerin, in der Vergangenheit in der Ukraine u.a. tätig für die NGOs &#8222;Media Center Vlasno&#8220; und &#8222;Vinnytsia Kosakenregiment&#8220;. Leiterin u.a. bei Projekten der Ukrainischen Kulturstiftung. Buchautorin und seit 2019 auch Verlegerin. Im März 2022 nach Hamburg geflohen</p>
<p>Gründerin des ukrainischen Kinderbuchverlages „<a href="https://www.duzhka.com/">DUZHKA</a>“ Die Autorin einer Reihe von Kinderbüchern „<a href="https://kvakoroli.com/en">(Quaq-)Könige der Welten</a>“, deren erster Teil 2019 den 1. Platz im Wettbewerb der Ukrainischen Kulturstiftung gewonnen hat. Autorin des Buches „<a href="https://www.behance.net/gallery/135848305/Childrens-book-Ukraine-above-all">Die Ukraine über alles oder was wäre wenn</a>“, das vom Ukrainischen Buchinstitut herausgegeben wurde.</p>
<p>Sie unterrichtete Kinder im Alter von 8-12 Jahren an der <a href="http://harizma.info/">Charisma Children’s School</a> in Vinnytsa. Olga ist u.a. ausgebildet in Märchentherapie und zertifizierte Absolventin von „Tools der komplexen Märchentherapie für Lehrer:innen, von Psycholog:innen und Eltern “<br /><br /><a href="https://kvakoroli.com/en/books">Mehr zu den Büchern hier</a></p>						</div>
				</div>
					</div>
		</div>
							</div>
		</section>
				<section class="elementor-section elementor-top-section elementor-element elementor-element-013df55 elementor-section-boxed elementor-section-height-default elementor-section-height-default" data-id="013df55" data-element_type="section">
						<div class="elementor-container elementor-column-gap-default">
					<div class="elementor-column elementor-col-33 elementor-top-column elementor-element elementor-element-96c33a1" data-id="96c33a1" data-element_type="column">
			<div class="elementor-widget-wrap elementor-element-populated">
								<div class="elementor-element elementor-element-0077db9 elementor-widget elementor-widget-image" data-id="0077db9" data-element_type="widget" data-widget_type="image.default">
				<div class="elementor-widget-container">
															<img loading="lazy" decoding="async" width="720" height="803" src="https://u-all.de/wp-content/uploads/2024/05/photo_2024-05-10_17-50-33.jpg" class="attachment-large size-large wp-image-2235" alt="" srcset="https://u-all.de/wp-content/uploads/2024/05/photo_2024-05-10_17-50-33.jpg 720w, https://u-all.de/wp-content/uploads/2024/05/photo_2024-05-10_17-50-33-269x300.jpg 269w" sizes="(max-width: 720px) 100vw, 720px" />															</div>
				</div>
					</div>
		</div>
				<div class="elementor-column elementor-col-66 elementor-top-column elementor-element elementor-element-15ff040" data-id="15ff040" data-element_type="column">
			<div class="elementor-widget-wrap elementor-element-populated">
								<div class="elementor-element elementor-element-b3b22d4 elementor-widget elementor-widget-text-editor" data-id="b3b22d4" data-element_type="widget" data-widget_type="text-editor.default">
				<div class="elementor-widget-container">
							<p><strong>Evgenia Kleyn<br></strong>Initiatorin, Projektkoordinatorin</p>
<p><!-- /wp:paragraph --><!-- wp:paragraph --></p>
<p>Pianistin, absolventin der Hochschulen für Musik in Weimar und Hannover.&nbsp;Als Kammermusikpartnerin tritt Evgeniya Kleyn regelmäßig mit international renommierten Musikern auf. Korrepetitorin bei hochkarätigen Wettbewerben wie dem Queen-Elisabeth-Wettbewerb in Brüssel, dem ARD-Wettbewerb in München.</p>
<p>Während ihres Studiums gewann Evgeniya Kleyn verschiedene internationale Preise und spielte bei verschiedenen Festivals; unter anderem bei &#8222;Junge Klassik aus Weimar“, &#8222;Wege zu Liszt&#8220;, im Beethovenhaus in Bonn und im Brucknerhaus in Linz. Sie initiierte mehrere Kammermusikprojekte, z.B., „Der bekannte und unbekannte Camille Saint-Saëns“, einen „DSCH-Marathon“ zu Ehren von Dmitri Schostakowitsch sowie Eduart Lassen und Johann Nepomuk Hummel gewidmete Konzerte.</p>
<p>2019 gründete Evgeniya Kleyn unter dem Dach von TONALi die&nbsp;<i>tonali young academy</i><strong>&nbsp;</strong>in Hamburg. Zurzeit engagiert sie sich aktiv in Sozialprogrammen und Ausbildungsprojekten.</p>						</div>
				</div>
					</div>
		</div>
							</div>
		</section>
				<section class="elementor-section elementor-top-section elementor-element elementor-element-d3f1473 elementor-section-boxed elementor-section-height-default elementor-section-height-default" data-id="d3f1473" data-element_type="section">
						<div class="elementor-container elementor-column-gap-default">
					<div class="elementor-column elementor-col-33 elementor-top-column elementor-element elementor-element-298d043" data-id="298d043" data-element_type="column">
			<div class="elementor-widget-wrap elementor-element-populated">
								<div class="elementor-element elementor-element-7dd2ecb elementor-widget elementor-widget-image" data-id="7dd2ecb" data-element_type="widget" data-widget_type="image.default">
				<div class="elementor-widget-container">
															<img loading="lazy" decoding="async" width="360" height="360" src="https://u-all.de/wp-content/uploads/2024/02/U-ALL-.001-e1708028344986.jpeg" class="attachment-large size-large wp-image-2006" alt="" srcset="https://u-all.de/wp-content/uploads/2024/02/U-ALL-.001-e1708028344986.jpeg 360w, https://u-all.de/wp-content/uploads/2024/02/U-ALL-.001-e1708028344986-300x300.jpeg 300w, https://u-all.de/wp-content/uploads/2024/02/U-ALL-.001-e1708028344986-150x150.jpeg 150w" sizes="(max-width: 360px) 100vw, 360px" />															</div>
				</div>
					</div>
		</div>
				<div class="elementor-column elementor-col-66 elementor-top-column elementor-element elementor-element-ddcc222" data-id="ddcc222" data-element_type="column">
			<div class="elementor-widget-wrap elementor-element-populated">
								<div class="elementor-element elementor-element-1b8a6e4 elementor-widget elementor-widget-text-editor" data-id="1b8a6e4" data-element_type="widget" data-widget_type="text-editor.default">
				<div class="elementor-widget-container">
							<p><strong>Henning Wötzel-Herber<br /></strong>Projektkoordinator</p>
<!-- /wp:paragraph --><!-- wp:paragraph -->
<p>Henning Wötzel-Herber, Jg. 1980, Diplom Sozialwirt und Master of Arts (Gender und Arbeit) arbeitet als Pädagogischer Geschäftsführer im ABC. Sein Schwerpunkt sind die Verbindung von Medienarbeit, politische Jugendbildung.<br /><br />Er hat in den vergangenen Jahren viele inklusive Filmprojekte wie BIG EARTH (Hotel California), Adamstown und Lingua Amoris mitkonzipert und -umgesetzt. Für Lingua Amoris hat das ABC 2020 eine Episode in der Ukraine gedreht. In Kooperation mit der Local Development Agency of Dubenshchina. Seit dem hat das ABC eine regelmäßig Verbindung mit Menschen in der Ukraine.</p>						</div>
				</div>
					</div>
		</div>
							</div>
		</section>
							</div>

<p>Olha Duzhak Projektleiterin Bachelor in Finanzenwesen, ausgebildete Projektmanagerin, in der Vergangenheit in der Ukraine u.a. tätig für die NGOs &#8222;Media Center Vlasno&#8220; und &#8222;Vinnytsia Kosakenregiment&#8220;. Leiterin u.a. bei Projekten der Ukrainischen Kulturstiftung. Buchautorin und seit</p>
